{"id":730,"date":"2018-07-26T10:40:07","date_gmt":"2018-07-26T13:40:07","guid":{"rendered":"https:\/\/isip-crr.infd.edu.ar\/sitio\/?page_id=730"},"modified":"2021-04-21T17:46:34","modified_gmt":"2021-04-21T20:46:34","slug":"ingresantes","status":"publish","type":"page","link":"https:\/\/isip-crr.infd.edu.ar\/sitio\/estudiantes\/ingresantes\/","title":{"rendered":"Ingresantes"},"content":{"rendered":"<h2>Requisitos de inscripci\u00f3n<\/h2>\n<ul>\n<li><strong>Fotocopia de DNI<\/strong><\/li>\n<li><strong>Fotocopia de la partida de Nacimiento.<\/strong><\/li>\n<li><strong>Fotocopia del t\u00edtulo de T\u00e9cnico y\/o Profesional Universitario certificado por escribano p\u00fablico o la instituci\u00f3n que la otorg\u00f3. Puede presentar constancia de t\u00edtulo en tr\u00e1mite (debe figurar la resoluci\u00f3n de aprobaci\u00f3n del plan de estudio).<\/strong><\/li>\n<li><strong>Carta de compromiso. (se encuentra al finalizar el documento)<\/strong><\/li>\n<li><strong>Aptitud psicof\u00edsico \u2013 ficha m\u00e9dica sellada por salud p\u00fablica (se encuentra al finalizar el documento).<\/strong><\/li>\n<li><strong>Certificado de buena conducta.<\/strong><\/li>\n<li><strong>1 foto 4 x 4<\/strong><\/li>\n<\/ul>\n","protected":false},"excerpt":{"rendered":"<p>Requisitos de inscripci\u00f3n Fotocopia de DNI Fotocopia de la partida de Nacimiento. Fotocopia del t\u00edtulo de T\u00e9cnico y\/o Profesional Universitario certificado por escribano p\u00fablico o la instituci\u00f3n que la otorg\u00f3. Puede presentar constancia de t\u00edtulo en tr\u00e1mite (debe figurar la resoluci\u00f3n de aprobaci\u00f3n del plan de estudio). Carta de compromiso. (se encuentra al finalizar el &#8230; <a title=\"Ingresantes\" class=\"read-more\" href=\"https:\/\/isip-crr.infd.edu.ar\/sitio\/estudiantes\/ingresantes\/\" aria-label=\"More on Ingresantes\">[+]<\/a><\/p>\n","protected":false},"author":6,"featured_media":0,"parent":692,"menu_order":0,"comment_status":"closed","ping_status":"closed","template":"","meta":[],"acf":[],"_links":{"self":[{"href":"https:\/\/isip-crr.infd.edu.ar\/sitio\/wp-json\/wp\/v2\/pages\/730"}],"collection":[{"href":"https:\/\/isip-crr.infd.edu.ar\/sitio\/wp-json\/wp\/v2\/pages"}],"about":[{"href":"https:\/\/isip-crr.infd.edu.ar\/sitio\/wp-json\/wp\/v2\/types\/page"}],"author":[{"embeddable":true,"href":"https:\/\/isip-crr.infd.edu.ar\/sitio\/wp-json\/wp\/v2\/users\/6"}],"replies":[{"embeddable":true,"href":"https:\/\/isip-crr.infd.edu.ar\/sitio\/wp-json\/wp\/v2\/comments?post=730"}],"version-history":[{"count":3,"href":"https:\/\/isip-crr.infd.edu.ar\/sitio\/wp-json\/wp\/v2\/pages\/730\/revisions"}],"predecessor-version":[{"id":801,"href":"https:\/\/isip-crr.infd.edu.ar\/sitio\/wp-json\/wp\/v2\/pages\/730\/revisions\/801"}],"up":[{"embeddable":true,"href":"https:\/\/isip-crr.infd.edu.ar\/sitio\/wp-json\/wp\/v2\/pages\/692"}],"wp:attachment":[{"href":"https:\/\/isip-crr.infd.edu.ar\/sitio\/wp-json\/wp\/v2\/media?parent=730"}],"curies":[{"name":"wp","href":"https:\/\/api.w.org\/{rel}","templated":true}]}}